 7*k - 5. Let j(d) = -r(d) + 5*s(d). Let w be j(-7). Suppose w = -v + 33 + 9. Does 21 divide v?
True
Let l = 50 + 184. Is l a multiple of 26?
True
Let q(s) = 61*s - 15. Is q(8) a multiple of 14?
False
Suppose 0 = -30*p + 1902 + 2778. Is p a multiple of 6?
True
Suppose -49*m = -3269 - 2317. Is 19 a factor of m?
True
Suppose 18*c = 10*c - 24. Does 8 divide -2 - (-2 + c + 21/(-1))?
True
Let r(w) = -7*w**3 + 94*w**2 - 15*w - 25. Is 37 a factor of r(9)?
False
Let g(b) = 38 + 4*b - b - 5*b. Let p be g(0). Suppose -5*a = -3*z - p, 16 = a + a - 2*z. Is a a multiple of 5?
False
Let m(z) = 10*z**2 + z + 5. Is 21 a factor of m(-6)?
False
Suppose -2*i = 4*d + 2*i - 6324, -4742 = -3*d - 2*i. Is d a multiple of 37?
False
Suppose 0 = -19*m + 8*m + 660. Is (68/(-5))/((-4)/m) a multiple of 34?
True
Is (11 + (-2630)/40)/((-4)/240) a multiple of 38?
False
Let b be (-52)/44 - 10/(-55). Is (-50 - -1 - 4)*b a multiple of 17?
False
Suppose 2*l = -4*p - 74, 10 = 5*l - 5. Let o = -17 - p. Suppose 0 = 6*y - o*y - 57. Does 11 divide y?
False
Let h = 7781 - 4041. Is 97 a factor of h?
False
Let d = -57 + 122. Let y = d - 26. Is 12 a factor of y?
False
Suppose -8*o + 155 - 67 = 0. Let j be 184/6 - (-2)/6. Let a = o + j. Is a a multiple of 14?
True
Suppose -4*i = 0, -4*l + 2*i - 3*i = -8. Suppose -l*b + 114 = 2*u, 0*u + 6 = -2*u. Does 7 divide b?
False
Suppose 3 = 2*p - d, 5*p + 4*d = 3*p + 18. Suppose 0 = -13*r + p*r + 350. Is r a multiple of 7?
True
Let x(a) = a**3 - 8*a**2 - 20*a + 41. Is x(14) a multiple of 30?
False
Let z(r) = -17*r - 8. Let o(j) = -35*j - 17. Let q(f) = -2*o(f) + 5*z(f). Does 12 divide q(-6)?
True
Let u(d) = 38*d + 7. Let i be u(3). Let l = 226 - i. Is l a multiple of 15?
True
Let z be (-6)/(-9)*(-18)/(-4). Suppose -2*p - w + 445 = z*p, 3*p = -w + 265. Does 18 divide p?
True
Let l(q) = q**3 + 3*q**2 + 735. Is 15 a factor of l(0)?
True
Let s = 22 - 18. Let x(d) = d**2 - 11*d + 9. Let j be x(s). Let u = -16 - j. Does 3 divide u?
True
Let i(a) = 72*a - 344. Does 16 divide i(47)?
True
Let o(w) = -311*w + 40. Does 13 divide o(-2)?
False
Let t(h) = -318*h + 53. Does 13 divide t(-4)?
False
Let d(l) = -3*l - 8. Let v be d(6). Let t = -73 - -70. Is t/(-6) + v/(-4) a multiple of 5?
False
Let b(u) = 2*u**2 - 5*u + 2. Let s = 21 + -7. Suppose 0 = -4*h + 8, -h - s = -4*x - 2*h. Is 2 a factor of b(x)?
False
Let z = 13 + -11. Suppose -l + z*l = 0. Suppose -5*r + 300 = 5*s, l = -0*r + 3*r + s - 176. Is r a multiple of 11?
False
Let z be ((-8)/(-20))/((-4)/20) - 1. Is 11 a factor of (-57 - (-3 - z))/(-1)?
False
Let c(f) = 3*f**2 + 2. Suppose -6*s + 5*s + g + 3 = 0, 5*s + 4*g = 24. Does 35 divide c(s)?
False
Suppose -92 = -4*g + 4*v, 0*v + 119 = 5*g - v. Suppose 9*i + g = 12*i. Is i a multiple of 8?
True
Suppose -11*r = -7*r + 20. Let y be 16/10*(r + 15). Let w = 24 - y. Is w a multiple of 8?
True
Suppose 0 = 2*g - 3*g + 3. Suppose -g*h + 2*v = -0 + 6, -v + 3 = 0. Suppose -3*t + b + 3*b + 69 = 0, -2*t - 4*b + 46 = h. Is t a multiple of 6?
False
Let l = 16 + -13. Let o(y) = 5*y**2 - y - 4. Let s be o(l). Let h = s + -5. Is h a multiple of 14?
False
Let n(w) = 1 - 2 + 3 + w. Let l be n(3). Suppose 0 = u - 2*u + l. Is 5 a factor of u?
True
Suppose -n = 2*v - 7, -5*n = -2*v - 0*n - 23. Let w be 185*v*(-72)/(-45). Suppose -z - 3*z = -w. Is z a multiple of 37?
True
Suppose -l = 2*s - 198 - 88, -s + 152 = 5*l. Let v = s - 64. Does 26 divide v?
True
Let t(m) = m**2 - 18*m + 30. Let z be t(6). Let o = 72 + z. Does 5 divide o?
True
Let c(h) = h**3 + h**2 - 6*h. Let d be c(-6). Let l = d + 294. Does 10 divide (-24)/(-20)*l/9?
True
Let v be ((4 - 0) + -6)*-206. Let l = -244 + v. Is l a multiple of 14?
True
Let t(p) be the third derivative of -p**4/12 + 3*p**3 - 9*p**2. Let b be t(8). Suppose b*r + 12 = 34. Does 10 divide r?
False
Let g = 37 + 123. Is 16 a factor of g?
True
Suppose 5*y - 3*l = -615, 4*y + 4*l - 121 = -581. Is 293/8 + (-45)/y a multiple of 8?
False
Suppose 2 = 4*t + 14, -s + 4*t + 186 = 0. Is s a multiple of 29?
True
Suppose n - 144 = -3*r, -271 = 5*n - 4*r - 1029. Does 10 divide n?
True
Does 96 divide 24884/7 + -2 + (-12)/14?
True
Suppose 28 = -l + 6. Let k = l + 55. Is 23 a factor of k?
False
Let p(g) = -3*g + 8. Let v(c) = -23*c**3 - c**2. Let l be v(-1). Let b = -26 + l. Is 5 a factor of p(b)?
True
Let p = 148 - -336. Does 11 divide p?
True
Suppose 3*a = -3*r - 9, 5*r = a - 17 - 4. Suppose 3 = b - a. Suppose 198 = b*m - 90. Does 18 divide m?
True
Let d be 0/(-4) + (-1 - -1). Suppose a + 7*s = 4*s - 4, d = -5*a + 4*s + 18. Suppose o + 3*o = 2*m - 42, -5*m + 105 = -a*o. Does 21 divide m?
True
Let a(g) = -g**3 + g**2 + g + 3. Let s be a(0). Suppose -s*p = 5*o - 12 - 13, o - 22 = -4*p. Is 21 a factor of ((-441)/(-14))/(o/4)?
True
Let u = -7 - -12. Suppose -2*h + 3*y + 189 - 4 = 0, -u*y = -5*h + 465. Does 18 divide h?
False
Let x(f) = f**2 + 1. Let g(o) = -o**3 - 14*o**2 + 2*o + 18. Let v(m) = -g(m) - 5*x(m). Is v(-7) a multiple of 16?
False
Let d(b) = -14*b + 4. Let c be d(-3). Suppose 4*g + c = 206. Is 8 a factor of g?
True
Suppose 95 = -8*a + 503. Does 7 divide a?
False
Let t be (-58)/(-6) + 4/(-6). Let l(k) = -k**2 + 11*k - 31. Let p be l(7). Does 5 divide (-1)/p - (-60)/t?
False
Suppose 0 = -5*t + 4729 + 1751. Does 108 divide t?
True
Let v be 2/11 - 126/(-33). Is 33 a factor of ((-33)/2)/((-2)/v)?
True
Suppose 2*n + 6*i - 2*i - 2766 = 0, -5*n - i = -6942. Is 9 a factor of n?
False
Let h = 9 + -6. Suppose y = h*y. Suppose -73 = -5*n + 3*m, y = -n - 3*m + 14 - 3. Does 5 divide n?
False
Let l be (16/(-6))/((-4)/42). Let d = l + -20. Does 3 divide d?
False
Let k = 38 + 12. Let q = 107 - k. Does 18 divide q?
False
Suppose -4*z + 4785 = -3*u, 4*z - 4185 = -2*u + 625. Is 20 a factor of z?
True
Suppose -5*z + 5*k - 31 = -7*z, -30 = -3*z - 2*k. Suppose -z*o + 9*o - 15 = 0. Is 2 a factor of o?
False
Let h be (-30)/(-18)*6/5. Let w(i) = 3*i**3 + i**2 - i + 2. Is w(h) a multiple of 2?
True
Suppose -9 = 4*a + 27. Let m = -3 - a. Let z(t) = -t**3 + 7*t**2 - 3*t + 8. Does 13 divide z(m)?
True
Does 24 divide ((-48)/(-30))/((-931)/(-465) + -2)?
True
Does 43 divide (-54)/(-243) + -3*(-9284)/54?
True
Let n = -21 - -22. Does 6 divide (n + -2 - 8)/((-2)/4)?
True
Does 89 divide 2 + 9536/30 + (-14)/(-105)?
False
Suppose 2*n + 64 - 442 = 0. Suppose -s - r = r - 183, 5*r = -s + n. Is 16 a factor of s?
False
Let o be 5 + -4 - (-3 + 3). Let w be 5/o - (-1 + 2). Suppose l = 2*z - z - 83, 3*l = w*z - 337. Does 24 divide z?
False
Let b(r) = 3*r + 5. Let h(n) = -n. Let q(j) = b(j) + 4*h(j). Is q(-10) a multiple of 4?
False
Does 24 divide 482 - (40/10 + -13)?
False
Let p = 21 + -62. Let x = -26 - p. Is 5 a factor of x?
True
Let a(u) = -u**3 + 36*u**2 + 37*u - 12. Is a(36) a multiple of 88?
True
Let v = -279 - -783. Is v a multiple of 9?
True
Let s(d) = -d**3 + 10*d**2 - 6*d - 1. Let z be ((-16)/6)/((-6)/18). Let c be z/16 + (-17)/(-2). Is s(c) a multiple of 7?
False
Suppose 33 + 0 = 3*q. Let w(h) = -4*h - 5*h**3 - 2*h**3 + q - 5*h**2 + 8*h**3. Does 9 divide w(6)?
False
Let f be 2/(-4)*0 + 3. Let g be (10/6 - 1)*f. Suppose -5*p - 6 = -4*c, g*c + p = -c + 14. Is c a multiple of 4?
True
Suppose -4*o = 2*v - 26, -3*v - 2*v + 5 = -5*o. Suppose -3*g + 1028 = -5*u, -g - 4*g + 1775 = 4*u. Is 11 a factor of g/(-6)*o/(-6)?
False
Does 22 divide 22 - (6 + 6) - -4357?
False
Suppose -5*p - x = 3*x - 27, p + x = 6. Suppose -127 + 551 = 3*i - 2*k, -2*i + 261 = p*k. Is i a multiple of 13?
False
Let d(v) = v**3 + 6*v**2 + v + 7. Let s be d(-6). Suppose -4*a = -3*c - s, 3*c - 31 = -4*a - 0*a. Suppose 29 = a*k - 3. Does 4 divide k?
True
Let g(f) be the first derivative of -33*f**2 - 12*f + 3. Does 45 divide g(-4)?
False
Suppose 18*d - 26773 + 7279 = 0. Does 7 divide d?
False
Suppose -9*d = -5*d - 148. Suppose 4*j - d = 27. Let z = j + -4. Does 8 divide z?
False
Suppose -57*w = -4*w - 19663. Does 9 divide w?
False
Suppose 34*w = 39*w - 10. Suppose -873 = -w*o - 7*o. Is 42 a factor of o?
False
Suppose -74*n + 66*n + 3256 = 0. Is n a multiple of 36?
False
Let a(y) = 3*y**3 - 2*y**2 + 1. Let g be a(1). Suppose 208 = 4*h + 2*m + g*m, 49 = h - 2*m. Suppose h = 4*d - 5*u, d - 3*u + 17 = 2*d. Does 7 divide d?
True
Let p(h) = 13*h - 586. Is p(53) a multiple of 6?
False
Let i(x) = 2*x**3 - 9*x + 11. Is 24 a factor of 